{"id":270,"date":"2022-06-28T00:32:43","date_gmt":"2022-06-28T00:32:43","guid":{"rendered":"https:\/\/naturecantonsdelest.ca\/nce\/?page_id=270"},"modified":"2022-12-14T21:02:46","modified_gmt":"2022-12-14T21:02:46","slug":"faire-un-don","status":"publish","type":"page","link":"https:\/\/naturecantonsdelest.ca\/nce\/faire-un-don\/","title":{"rendered":"FAIRE UN DON"},"content":{"rendered":"\t\t<div data-elementor-type=\"wp-post\" data-elementor-id=\"270\" class=\"elementor elementor-270\" data-elementor-post-type=\"page\">\n\t\t\t\t\t\t<section class=\"elementor-section elementor-top-section elementor-element elementor-element-5a4bd9c elementor-section-height-min-height elementor-section-items-bottom elementor-section-boxed elementor-section-height-default\" data-id=\"5a4bd9c\" data-element_type=\"section\" data-settings=\"{&quot;background_background&quot;:&quot;classic&quot;}\">\n\t\t\t\t\t\t<div class=\"elementor-container elementor-column-gap-default\">\n\t\t\t\t\t<div class=\"elementor-column elementor-col-100 elementor-top-column elementor-element elementor-element-57a5bb0\" data-id=\"57a5bb0\" data-element_type=\"column\">\n\t\t\t<div class=\"elementor-widget-wrap elementor-element-populated\">\n\t\t\t\t\t\t<div class=\"elementor-element elementor-element-5325c74 elementor-widget elementor-widget-text-editor\" data-id=\"5325c74\" data-element_type=\"widget\" data-widget_type=\"text-editor.default\">\n\t\t\t\t<div class=\"elementor-widget-container\">\n\t\t\t\t\t\t\t\t\t<p>FAIRE UN <b>DON<\/b><\/p>\t\t\t\t\t\t\t\t<\/div>\n\t\t\t\t<\/div>\n\t\t\t\t\t<\/div>\n\t\t<\/div>\n\t\t\t\t\t<\/div>\n\t\t<\/section>\n\t\t\t\t<section class=\"elementor-section elementor-top-section elementor-element elementor-element-124a333 elementor-section-boxed elementor-section-height-default elementor-section-height-default\" data-id=\"124a333\" data-element_type=\"section\" data-settings=\"{&quot;background_background&quot;:&quot;classic&quot;}\">\n\t\t\t\t\t\t<div class=\"elementor-container elementor-column-gap-default\">\n\t\t\t\t\t<div class=\"elementor-column elementor-col-100 elementor-top-column elementor-element elementor-element-8c391ed\" data-id=\"8c391ed\" data-element_type=\"column\">\n\t\t\t<div class=\"elementor-widget-wrap elementor-element-populated\">\n\t\t\t\t\t\t<div class=\"elementor-element elementor-element-3cafc48 elementor-widget elementor-widget-text-editor\" data-id=\"3cafc48\" data-element_type=\"widget\" data-widget_type=\"text-editor.default\">\n\t\t\t\t<div class=\"elementor-widget-container\">\n\t\t\t\t\t\t\t\t\t<p>Afin de <b>poursuivre sa mission et ses objectifs<\/b>, Nature Cantons-de-l&rsquo;Est compte notamment sur la g\u00e9n\u00e9rosit\u00e9 de donateurs qui croient en l&rsquo;importance de la conservation volontaire, de l&rsquo;\u00e9ducation du public et de la recherche, en plus des organismes publics et priv\u00e9s qui appuient financi\u00e8rement ses projets.<\/p>\n<p><em>Nature Cantons-de-l&rsquo;Est est un organisme de bienfaisance enregistr\u00e9 et un organisme reconnu du Programme de dons \u00e9cologiques. Elle peut recevoir des dons en nature, en argent ou sous d&rsquo;autres formes, et \u00e9mettre des re\u00e7us d&rsquo;imp\u00f4t.<\/em><\/p>\n<p>Si vous souhaitez nous faire parvenir un don par ch\u00e8que, veuillez utiliser ce <a href=\"https:\/\/naturecantonsdelest.ca\/nce\/wp-content\/uploads\/2022\/12\/Formulaire-dons.pdf\" style=\"font-size: 1rem; background-color: rgb(255, 255, 255);\">formulaire<\/a><span style=\"color: var( --e-global-color-text ); font-size: 1rem;\">&nbsp;et nous le faire parvenir par la poste.<\/span><\/p>\n<p><\/p>\n<p>Nature Cantons-de-l&rsquo;Est peut aussi recevoir des dons d&rsquo;actions cot\u00e9es \u00e0 la bourse etc.&nbsp;<a style=\"background-color: #ffffff;\" href=\"https:\/\/www.naturecantonsdelest.ca\/contact.html\">Contactez-nous<\/a>&nbsp;pour faire ce type de don.<\/p>\t\t\t\t\t\t\t\t<\/div>\n\t\t\t\t<\/div>\n\t\t\t\t<div class=\"elementor-element elementor-element-c63d85a elementor-widget elementor-widget-html\" data-id=\"c63d85a\" data-element_type=\"widget\" data-widget_type=\"html.default\">\n\t\t\t\t<div class=\"elementor-widget-container\">\n\t\t\t\t\t<div style=\"position:relative;overflow:hidden;width:100%;height:1200px;padding-top:100%\"><iframe title='Donation form powered by Zeffy' style='position: absolute; border: 0; top:0;left:0;bottom:0;right:0;width:100%;height:100%' src='https:\/\/www.zeffy.com\/fr\/embed\/donation-form\/97bf035a-1ca7-4904-bbb9-a2c50622d977' allowpaymentrequest allowTransparency=\"true\"><\/iframe><\/div>\t\t\t\t<\/div>\n\t\t\t\t<\/div>\n\t\t\t\t\t<\/div>\n\t\t<\/div>\n\t\t\t\t\t<\/div>\n\t\t<\/section>\n\t\t\t\t<section class=\"elementor-section elementor-top-section elementor-element elementor-element-eb0bb6e elementor-section-height-min-height elementor-section-content-middle click-child pointer elementor-section-boxed elementor-section-height-default elementor-section-items-middle\" data-id=\"eb0bb6e\" data-element_type=\"section\" data-settings=\"{&quot;background_background&quot;:&quot;slideshow&quot;,&quot;background_slideshow_gallery&quot;:[{&quot;id&quot;:167,&quot;url&quot;:&quot;https:\\\/\\\/naturecantonsdelest.ca\\\/nce\\\/wp-content\\\/uploads\\\/2022\\\/06\\\/bg-projet-mont-megantic.jpg&quot;},{&quot;id&quot;:168,&quot;url&quot;:&quot;https:\\\/\\\/naturecantonsdelest.ca\\\/nce\\\/wp-content\\\/uploads\\\/2022\\\/06\\\/bg-projet-sherbrooke.jpg&quot;},{&quot;id&quot;:173,&quot;url&quot;:&quot;https:\\\/\\\/naturecantonsdelest.ca\\\/nce\\\/wp-content\\\/uploads\\\/2022\\\/06\\\/bg-projet-johnville.jpg&quot;}],&quot;background_slideshow_loop&quot;:&quot;yes&quot;,&quot;background_slideshow_slide_duration&quot;:5000,&quot;background_slideshow_slide_transition&quot;:&quot;fade&quot;,&quot;background_slideshow_transition_duration&quot;:500}\">\n\t\t\t\t\t\t\t<div class=\"elementor-background-overlay\"><\/div>\n\t\t\t\t\t\t\t<div class=\"elementor-container elementor-column-gap-no\">\n\t\t\t\t\t<div class=\"elementor-column elementor-col-100 elementor-top-column elementor-element elementor-element-5b8ab4e\" data-id=\"5b8ab4e\" data-element_type=\"column\">\n\t\t\t<div class=\"elementor-widget-wrap elementor-element-populated\">\n\t\t\t\t\t\t<div class=\"elementor-element elementor-element-f3233b9 elementor-widget elementor-widget-text-editor\" data-id=\"f3233b9\" data-element_type=\"widget\" data-widget_type=\"text-editor.default\">\n\t\t\t\t<div class=\"elementor-widget-container\">\n\t\t\t\t\t\t\t\t\t<p>D\u00c9COUVREZ NOS DIFF\u00c9RENTS<\/p>\t\t\t\t\t\t\t\t<\/div>\n\t\t\t\t<\/div>\n\t\t\t\t<div class=\"elementor-element elementor-element-0d779aa elementor-widget elementor-widget-heading\" data-id=\"0d779aa\" data-element_type=\"widget\" data-widget_type=\"heading.default\">\n\t\t\t\t<div class=\"elementor-widget-container\">\n\t\t\t\t\t<h2 class=\"elementor-heading-title elementor-size-default\"><a href=\"https:\/\/naturecantonsdelest.ca\/nce\/conservation-milieux-naturels\/\">PROJETS DE CONSERVATION<\/a><\/h2>\t\t\t\t<\/div>\n\t\t\t\t<\/div>\n\t\t\t\t\t<\/div>\n\t\t<\/div>\n\t\t\t\t\t<\/div>\n\t\t<\/section>\n\t\t\t\t<\/div>\n\t\t","protected":false},"excerpt":{"rendered":"<p>FAIRE UN DON Afin de poursuivre sa mission et ses objectifs, Nature Cantons-de-l&rsquo;Est compte notamment sur la g\u00e9n\u00e9rosit\u00e9 de donateurs qui croient en l&rsquo;importance de la conservation volontaire, de l&rsquo;\u00e9ducation du public et de la recherche, en plus des organismes publics et priv\u00e9s qui appuient financi\u00e8rement ses projets. Nature Cantons-de-l&rsquo;Est est un organisme de bienfaisance [&hellip;]<\/p>\n","protected":false},"author":1,"featured_media":8,"parent":0,"menu_order":0,"comment_status":"closed","ping_status":"closed","template":"elementor_header_footer","meta":{"_monsterinsights_skip_tracking":false,"_monsterinsights_sitenote_active":false,"_monsterinsights_sitenote_note":"","_monsterinsights_sitenote_category":0,"footnotes":""},"aioseo_notices":[],"_links":{"self":[{"href":"https:\/\/naturecantonsdelest.ca\/nce\/wp-json\/wp\/v2\/pages\/270"}],"collection":[{"href":"https:\/\/naturecantonsdelest.ca\/nce\/wp-json\/wp\/v2\/pages"}],"about":[{"href":"https:\/\/naturecantonsdelest.ca\/nce\/wp-json\/wp\/v2\/types\/page"}],"author":[{"embeddable":true,"href":"https:\/\/naturecantonsdelest.ca\/nce\/wp-json\/wp\/v2\/users\/1"}],"replies":[{"embeddable":true,"href":"https:\/\/naturecantonsdelest.ca\/nce\/wp-json\/wp\/v2\/comments?post=270"}],"version-history":[{"count":22,"href":"https:\/\/naturecantonsdelest.ca\/nce\/wp-json\/wp\/v2\/pages\/270\/revisions"}],"predecessor-version":[{"id":1060,"href":"https:\/\/naturecantonsdelest.ca\/nce\/wp-json\/wp\/v2\/pages\/270\/revisions\/1060"}],"wp:featuredmedia":[{"embeddable":true,"href":"https:\/\/naturecantonsdelest.ca\/nce\/wp-json\/wp\/v2\/media\/8"}],"wp:attachment":[{"href":"https:\/\/naturecantonsdelest.ca\/nce\/wp-json\/wp\/v2\/media?parent=270"}],"curies":[{"name":"wp","href":"https:\/\/api.w.org\/{rel}","templated":true}]}}