{"id":814,"date":"2022-09-05T15:38:48","date_gmt":"2022-09-05T15:38:48","guid":{"rendered":"https:\/\/naturecantonsdelest.ca\/nce\/?page_id=814"},"modified":"2025-02-28T22:18:34","modified_gmt":"2025-02-28T22:18:34","slug":"publications-en","status":"publish","type":"page","link":"https:\/\/naturecantonsdelest.ca\/nce\/publications-en\/","title":{"rendered":"PUBLICATIONS &#8211; EN"},"content":{"rendered":"\t\t<div data-elementor-type=\"wp-post\" data-elementor-id=\"814\" class=\"elementor elementor-814\" data-elementor-post-type=\"page\">\n\t\t\t\t\t\t<section class=\"elementor-section elementor-top-section elementor-element elementor-element-5a4bd9c elementor-section-height-min-height elementor-section-items-bottom elementor-section-boxed elementor-section-height-default\" data-id=\"5a4bd9c\" data-element_type=\"section\" data-settings=\"{&quot;background_background&quot;:&quot;classic&quot;}\">\n\t\t\t\t\t\t<div class=\"elementor-container elementor-column-gap-default\">\n\t\t\t\t\t<div class=\"elementor-column elementor-col-100 elementor-top-column elementor-element elementor-element-57a5bb0\" data-id=\"57a5bb0\" data-element_type=\"column\">\n\t\t\t<div class=\"elementor-widget-wrap elementor-element-populated\">\n\t\t\t\t\t\t<div class=\"elementor-element elementor-element-5325c74 elementor-widget elementor-widget-text-editor\" data-id=\"5325c74\" data-element_type=\"widget\" data-widget_type=\"text-editor.default\">\n\t\t\t\t<div class=\"elementor-widget-container\">\n\t\t\t\t\t\t\t\t\t<p><b>PUBLICATIONS<\/b><\/p>\t\t\t\t\t\t\t\t<\/div>\n\t\t\t\t<\/div>\n\t\t\t\t\t<\/div>\n\t\t<\/div>\n\t\t\t\t\t<\/div>\n\t\t<\/section>\n\t\t\t\t<section class=\"elementor-section elementor-top-section elementor-element elementor-element-124a333 elementor-section-boxed elementor-section-height-default elementor-section-height-default\" data-id=\"124a333\" data-element_type=\"section\" data-settings=\"{&quot;background_background&quot;:&quot;classic&quot;}\">\n\t\t\t\t\t\t<div class=\"elementor-container elementor-column-gap-default\">\n\t\t\t\t\t<div class=\"elementor-column elementor-col-100 elementor-top-column elementor-element elementor-element-8c391ed\" data-id=\"8c391ed\" data-element_type=\"column\">\n\t\t\t<div class=\"elementor-widget-wrap elementor-element-populated\">\n\t\t\t\t\t\t<div class=\"elementor-element elementor-element-6ed2137 elementor-widget elementor-widget-toggle\" data-id=\"6ed2137\" data-element_type=\"widget\" data-widget_type=\"toggle.default\">\n\t\t\t\t<div class=\"elementor-widget-container\">\n\t\t\t\t\t\t\t<div class=\"elementor-toggle\">\n\t\t\t\t\t\t\t<div class=\"elementor-toggle-item\">\n\t\t\t\t\t<div id=\"elementor-tab-title-1161\" class=\"elementor-tab-title\" data-tab=\"1\" role=\"button\" aria-controls=\"elementor-tab-content-1161\" aria-expanded=\"false\">\n\t\t\t\t\t\t\t\t\t\t\t\t<span class=\"elementor-toggle-icon elementor-toggle-icon-left\" aria-hidden=\"true\">\n\t\t\t\t\t\t\t\t\t\t\t\t\t\t\t<span class=\"elementor-toggle-icon-closed\"><i class=\"fas fa-caret-right\"><\/i><\/span>\n\t\t\t\t\t\t\t\t<span class=\"elementor-toggle-icon-opened\"><i class=\"elementor-toggle-icon-opened fas fa-caret-up\"><\/i><\/span>\n\t\t\t\t\t\t\t\t\t\t\t\t\t<\/span>\n\t\t\t\t\t\t\t\t\t\t\t\t<a class=\"elementor-toggle-title\" tabindex=\"0\">PRESS RELEASES<\/a>\n\t\t\t\t\t<\/div>\n\n\t\t\t\t\t<div id=\"elementor-tab-content-1161\" class=\"elementor-tab-content elementor-clearfix\" data-tab=\"1\" role=\"region\" aria-labelledby=\"elementor-tab-title-1161\"><b>Communiqu\u00e9 du 17 novembre 2011<\/b><br>\n<a href=\"https:\/\/naturecantonsdelest.ca\/documents\/Communique-nce-nov2011.pdf\" target=\"_blank\" rel=\"noopener\"><b>La Corporation de conservation du bois\u00e9 de Johnville devient Nature Cantons-de-l&rsquo;Est et entreprend un nouveau projet dans la r\u00e9gion des monts Stoke<\/b><\/a><br>\n<i>La Corporation de conservation du bois\u00e9 de Johnville (CCBJ) utilisera d\u00e9sormais l&rsquo;appellation Nature Cantons-de-l&rsquo;Est (NCE) afin de mieux refl\u00e9ter la port\u00e9e r\u00e9gionale de ses activit\u00e9s. Bien connue pour ses r\u00e9alisations et son mandat en faveur de la conservation et la mise en valeur du Parc \u00e9coforestier de Johnville, NCE entreprend sous ce nouveau nom un nouveau projet de protection des milieux naturels dans la r\u00e9gion des monts Stoke.<br>\n<a href=\"https:\/\/naturecantonsdelest.ca\/documents\/Communique-nce-nov2011.pdf\" target=\"_blank\" rel=\"noopener\">\u00bb T\u00e9l\u00e9chargez le communiqu\u00e9 de presse<\/a><\/i>\n<br><br>\n&nbsp;\n\n<b>Communiqu\u00e9 du 20 juin 2011<\/b><br>\n<a href=\"https:\/\/naturecantonsdelest.ca\/documents\/Com_Prog-edu-20Juin2011.pdf\" target=\"_blank\" rel=\"noopener\"><b>Lancement d&rsquo;un programme \u00e9ducatif destin\u00e9 aux \u00e9l\u00e8ves des \u00e9coles primaires et secondaires de la r\u00e9gion estrienne<\/b><\/a><br>\n<i>Nature Cantons-de-l&rsquo;Est (anciennement nomm\u00e9 la Corporation de conservation du bois\u00e9 de Johnville) lan\u00e7ait le 20 juin 2011, un programme \u00e9ducatif destin\u00e9 aux \u00e9l\u00e8ves des \u00e9coles primaires et secondaires de la r\u00e9gion estrienne. Des activit\u00e9s adapt\u00e9es \u00e0 chaque cycle scolaire sont ainsi propos\u00e9es aux enseignants et enseignantes. Les nouveaux outils p\u00e9dagogiques leur permettront d&rsquo;atteindre des objectifs du Programme de formation de l&rsquo;\u00e9cole qu\u00e9b\u00e9coise dans le domaine des sciences et technologies. Lire la suite <\/i>\n<br><br>\n<b>\nCommuniqu\u00e9 du 24 mai 2011<\/b><br>\n&#8211; <a href=\"https:\/\/naturecantonsdelest.ca\/documents\/Com_24mai2011_CCBJ.pdf\" target=\"_blank\" rel=\"noopener\"><i> Le Parc \u00e9coforestier de Johnville prot\u00e9g\u00e9 \u00e0 perp\u00e9tu\u00e9<\/i><\/a><\/div>\n\t\t\t\t<\/div>\n\t\t\t\t\t\t\t<div class=\"elementor-toggle-item\">\n\t\t\t\t\t<div id=\"elementor-tab-title-1162\" class=\"elementor-tab-title\" data-tab=\"2\" role=\"button\" aria-controls=\"elementor-tab-content-1162\" aria-expanded=\"false\">\n\t\t\t\t\t\t\t\t\t\t\t\t<span class=\"elementor-toggle-icon elementor-toggle-icon-left\" aria-hidden=\"true\">\n\t\t\t\t\t\t\t\t\t\t\t\t\t\t\t<span class=\"elementor-toggle-icon-closed\"><i class=\"fas fa-caret-right\"><\/i><\/span>\n\t\t\t\t\t\t\t\t<span class=\"elementor-toggle-icon-opened\"><i class=\"elementor-toggle-icon-opened fas fa-caret-up\"><\/i><\/span>\n\t\t\t\t\t\t\t\t\t\t\t\t\t<\/span>\n\t\t\t\t\t\t\t\t\t\t\t\t<a class=\"elementor-toggle-title\" tabindex=\"0\">PUBLICATIONS<\/a>\n\t\t\t\t\t<\/div>\n\n\t\t\t\t\t<div id=\"elementor-tab-content-1162\" class=\"elementor-tab-content elementor-clearfix\" data-tab=\"2\" role=\"region\" aria-labelledby=\"elementor-tab-title-1162\"><p><a href=\"https:\/\/naturecantonsdelest.ca\/nce\/wp-content\/uploads\/2025\/02\/Methode-restaurer-habitat-SP_28-02-2025.pdf\"><strong>\u00bb <\/strong><strong>Methods for restoring the habitat of the Purple Salamander<\/strong><\/a><\/p><p>The Purple Salamander is a species particularly sensitive to habitat disturbances and faces numerous threats. However, some of these threats can be mitigated or even eliminated through targeted actions aimed at restoring its habitat. This document outlines the key steps of a habitat restoration project for the Purple Salamander, illustrated with concrete examples of interventions carried out by NCE in the Stoke Mountains massif.<\/p><\/div>\n\t\t\t\t<\/div>\n\t\t\t\t\t\t\t<div class=\"elementor-toggle-item\">\n\t\t\t\t\t<div id=\"elementor-tab-title-1163\" class=\"elementor-tab-title\" data-tab=\"3\" role=\"button\" aria-controls=\"elementor-tab-content-1163\" aria-expanded=\"false\">\n\t\t\t\t\t\t\t\t\t\t\t\t<span class=\"elementor-toggle-icon elementor-toggle-icon-left\" aria-hidden=\"true\">\n\t\t\t\t\t\t\t\t\t\t\t\t\t\t\t<span class=\"elementor-toggle-icon-closed\"><i class=\"fas fa-caret-right\"><\/i><\/span>\n\t\t\t\t\t\t\t\t<span class=\"elementor-toggle-icon-opened\"><i class=\"elementor-toggle-icon-opened fas fa-caret-up\"><\/i><\/span>\n\t\t\t\t\t\t\t\t\t\t\t\t\t<\/span>\n\t\t\t\t\t\t\t\t\t\t\t\t<a class=\"elementor-toggle-title\" tabindex=\"0\">NEWSLETTER<\/a>\n\t\t\t\t\t<\/div>\n\n\t\t\t\t\t<div id=\"elementor-tab-content-1163\" class=\"elementor-tab-content elementor-clearfix\" data-tab=\"3\" role=\"region\" aria-labelledby=\"elementor-tab-title-1163\"><p>Coming soon!<\/p><\/div>\n\t\t\t\t<\/div>\n\t\t\t\t\t\t\t\t<\/div>\n\t\t\t\t\t\t<\/div>\n\t\t\t\t<\/div>\n\t\t\t\t\t<\/div>\n\t\t<\/div>\n\t\t\t\t\t<\/div>\n\t\t<\/section>\n\t\t\t\t<\/div>\n\t\t","protected":false},"excerpt":{"rendered":"<p>PUBLICATIONS PRESS RELEASES Communiqu\u00e9 du 17 novembre 2011 La Corporation de conservation du bois\u00e9 de Johnville devient Nature Cantons-de-l&rsquo;Est et entreprend un nouveau projet dans la r\u00e9gion des monts Stoke La Corporation de conservation du bois\u00e9 de Johnville (CCBJ) utilisera d\u00e9sormais l&rsquo;appellation Nature Cantons-de-l&rsquo;Est (NCE) afin de mieux refl\u00e9ter la port\u00e9e r\u00e9gionale de ses activit\u00e9s. [&hellip;]<\/p>\n","protected":false},"author":2,"featured_media":8,"parent":0,"menu_order":0,"comment_status":"closed","ping_status":"closed","template":"elementor_header_footer","meta":{"_monsterinsights_skip_tracking":false,"_monsterinsights_sitenote_active":false,"_monsterinsights_sitenote_note":"","_monsterinsights_sitenote_category":0,"footnotes":""},"aioseo_notices":[],"_links":{"self":[{"href":"https:\/\/naturecantonsdelest.ca\/nce\/wp-json\/wp\/v2\/pages\/814"}],"collection":[{"href":"https:\/\/naturecantonsdelest.ca\/nce\/wp-json\/wp\/v2\/pages"}],"about":[{"href":"https:\/\/naturecantonsdelest.ca\/nce\/wp-json\/wp\/v2\/types\/page"}],"author":[{"embeddable":true,"href":"https:\/\/naturecantonsdelest.ca\/nce\/wp-json\/wp\/v2\/users\/2"}],"replies":[{"embeddable":true,"href":"https:\/\/naturecantonsdelest.ca\/nce\/wp-json\/wp\/v2\/comments?post=814"}],"version-history":[{"count":11,"href":"https:\/\/naturecantonsdelest.ca\/nce\/wp-json\/wp\/v2\/pages\/814\/revisions"}],"predecessor-version":[{"id":1446,"href":"https:\/\/naturecantonsdelest.ca\/nce\/wp-json\/wp\/v2\/pages\/814\/revisions\/1446"}],"wp:featuredmedia":[{"embeddable":true,"href":"https:\/\/naturecantonsdelest.ca\/nce\/wp-json\/wp\/v2\/media\/8"}],"wp:attachment":[{"href":"https:\/\/naturecantonsdelest.ca\/nce\/wp-json\/wp\/v2\/media?parent=814"}],"curies":[{"name":"wp","href":"https:\/\/api.w.org\/{rel}","templated":true}]}}